e v(f). Is d(m) composite?
True
Suppose 60 = -2*v - 4*x, -8*x + 4*x - 96 = 3*v. Is (-1842)/8*96/v a prime number?
False
Suppose 13*x - 18*x + 2680 = 5*o, -4*x + 2117 = -5*o. Is x prime?
False
Let a = 13 + -4. Let f(t) = -t**2 + 10*t - 10. Let v be f(a). Is 44 - (-1 + (v - 1)) a composite number?
False
Let b(y) be the second derivative of -y**3 - 3*y - 1/6*y**4 + 0 + 1/20*y**5 + 0*y**2. Is b(7) prime?
False
Suppose -13*i = 4*g - 11*i - 862, 0 = -2*g - 5*i + 443. Is g prime?
False
Let p(x) = x**2 + 39*x + 272. Let g be p(-30). Let s = -332 - -580. Suppose 10*n - g*n - s = 0. Is n composite?
False
Let x(k) = -467*k**3 + 2*k**2. Suppose 6*b = -4 - 2. Is x(b) a prime number?
False
Suppose 0*r = r. Suppose 2*a - 874 - 558 = r. Suppose 5*u - 219 = a. Is u a prime number?
False
Let c(l) = 252*l + 30. Let p be c(-5). Is p/(-4) - (-2)/(-4) prime?
True
Let y(o) = o**3 - 10*o**2 - 9*o - 7. Let h(q) = q**3 - q. Let n(g) = -2*h(g) + y(g). Let d be n(-7). Let i = d - -239. Is i prime?
False
Suppose 15*m + 9876 = 3*p + 14*m, -13152 = -4*p - 4*m. Is p composite?
True
Let u = 12 - 10. Let c = -72 - -103. Suppose 0 = -u*f + f + c. Is f prime?
True
Let n be 120/(-32) - (-2)/(-8). Let v be ((-4)/7)/(n/14). Suppose -3*i + 2*m = v*i - 140, 5*m = -i + 1. Is i composite?
True
Let r(m) = m**3 - 55*m**2 - 137*m - 253. Is r(64) a composite number?
True
Let n be 15/25 + 238/(-5). Let c = n - -129. Suppose 2*g - c - 108 = 0. Is g a composite number?
True
Let f = -49 + -49. Is (f/(-21))/(4/6) prime?
True
Let t = -44 - -120. Let f = t - -159. Is f prime?
False
Let y be (1 + 119)*(-2)/1. Suppose 808 + 1745 = 3*a. Let w = a + y. Is w prime?
False
Let b be 6/(-27) + 13911/27. Let c = b + 99. Is c a prime number?
False
Let o(f) = 11*f**3 + 30*f**2 + 33*f - 10. Let a(u) = 5*u**3 + 15*u**2 + 16*u - 5. Let z(c) = -9*a(c) + 4*o(c). Is z(-15) a composite number?
True
Suppose 5*u = -2*y + 12233, 2*u - 11*y = -10*y + 4895. Is u prime?
True
Let d be 146/9 + 8/(-36). Suppose -i + d = 3*i. Suppose -2*o - t + 410 = 0, o + 593 = 4*o - i*t. Is o prime?
False
Let a(r) = 202*r - 12. Let u be a(4). Let h(l) = l + 17. Let w be h(-12). Suppose w*y - u - 159 = 0. Is y prime?
True
Let r be (-47)/(-5) + (-3)/(-5). Suppose -r = 4*c - 30. Is 716/5 + c/(-25) a prime number?
False
Is (-1 - -4) + -1 + (18205 - -56) a prime number?
False
Let j be (-1 + 6)*(1 - -1). Let f be 55 - (1 - j/2). Let p = f + 24. Is p a composite number?
False
Let x = -3 - -14. Let j(f) = f**2 - 5*f - 12. Let l be j(x). Suppose -126 - l = -5*g - 3*z, 2*g - 2*z = 56. Is g prime?
False
Suppose 2 - 11 = -2*d + k, 4*d - 13 = k. Suppose -d*v - 1516 = -14. Let i = -278 - v. Is i composite?
True
Let x(f) = -11*f**2 - 14*f**2 + 39 + 26*f**2. Let u = -2 - -2. Is x(u) a prime number?
False
Let p(l) = 130*l + 62. Let u(j) = -j**2 - 6*j + 34. Let c be u(-8). Is p(c) composite?
True
Let o(c) = 123*c + 1. Let v be o(5). Is (-6)/4*2 + v composite?
False
Suppose -5*v - b + 16 = 2*b, -2*b + 4 = 2*v. Suppose r = 3*r - 4, -p + 1091 = v*r. Is p a prime number?
False
Suppose u = 4*u - 159. Suppose s = 37 + u. Suppose 184 = r - 3*o, -2*r + 462 = -2*o + s. Is r prime?
False
Suppose 0 = 8*o + 4*o. Suppose -7*v + 1787 + 1146 = o. Is v composite?
False
Suppose 49*z + 2413 = 50*z. Is z a composite number?
True
Suppose -3*k = z + 6, 5*k = 2*z - 6*z - 31. Let a be (-1)/((3/3)/z). Suppose a + 5 = g. Is g a composite number?
True
Suppose 0 = t - 56 + 14. Suppose -3*s = -5*l - t, -s = -2*s + 3*l + 10. Is s a composite number?
False
Suppose -4*q + 2364 = 5*b - 7727, 5*q + 5*b = 12610. Is q prime?
False
Let t(o) = 10*o**2 + 3*o + 1. Let i be (2/4)/((-1)/(-10)). Let k = i + -7. Is t(k) a composite number?
True
Let b(h) = h**2 - 12*h + 6. Is b(-13) prime?
True
Let k(y) = 3*y**2 + 7*y**2 + y + 4 + 5*y**2. Is k(-2) prime?
False
Let q be (5 - 3 - 1) + 2. Suppose 16 = -q*r - 47. Let c = r + 58. Is c a composite number?
False
Let c = -8 + 17. Is c/(-4) + 2 - 51534/(-24) composite?
True
Let m(y) be the third derivative of 17*y**5/12 + y**4/24 - 5*y**3/6 + 26*y**2. Is m(3) a composite number?
True
Suppose 5*m - j - 3*j + 33 = 0, 0 = -3*m - 3*j - 36. Let k = m + 14. Suppose -y + 2*b - 3*b = -271, -1066 = -4*y + k*b. Is y a composite number?
False
Suppose 10*x - 1459 = 1051. Is x a prime number?
True
Let y be 12*(-2 - (-28)/12). Suppose -w + 193 = 2*l, -3*l = -y*w - 4*l + 807. Is w prime?
False
Let s = 19 + -27. Let d = s + 7. Is 3 + (7 - 4/d) a prime number?
False
Let o = 84 + 22. Suppose -3*t - o = -1399. Let j = 640 - t. Is j prime?
False
Suppose -655929 = -53*d + 1949392. Is d composite?
False
Let z(v) = -v**3 - 4*v**2 + 4*v + 3. Let m be z(-5). Suppose -13*u = -m*u - 5135. Is u a composite number?
True
Suppose c - 3*c + 8 = 0. Suppose 0 = b + 5*t - 994, -5*b + 0*t + t = -4996. Suppose c*z = b - 323. Is z a composite number?
True
Let q be ((-36)/(-20))/((-1)/(-5)). Suppose -7*j + q*j = 254. Is j prime?
True
Suppose 4*a + 3*c - 22 - 50 = 0, -4*c = 0. Suppose 0 = 3*q - 0*q - 4*g - a, -4*g - 20 = -4*q. Suppose -h = -5*d + 633, d = q*d + 4*h - 135. Is d a prime number?
True
Is (-6)/(-18)*-3*-1657 composite?
False
Suppose -3*s = -0*s - 5*b - 59, 4*b - 49 = -5*s. Suppose -s = -4*l + 51. Suppose 0 = -l*z + 21*z - 1465. Is z composite?
False
Suppose g - 246 + 67 = 4*f, -4*g + 2*f + 716 = 0. Is g composite?
False
Suppose m + 20 = -0*m. Let a(s) = -21*s - 31. Is a(m) prime?
True
Let c(b) = b - 2. Let v = 13 - 6. Let w be c(v). Suppose 3*k + 450 = 3*u, w*k = -5*u + 67 + 673. Is u a composite number?
False
Let k(x) = 231*x**2 - 11*x + 12. Let n be k(6). Suppose 0 = -13*s + n + 2047. Is s a composite number?
True
Let j be 4785/44 + 2/8. Let o = j + -63. Is o a composite number?
True
Suppose -3*k = -4821 - 3186. Is k a composite number?
True
Let o be ((-180)/21)/((-7)/(-49)). Let w = 201 + o. Is w a prime number?
False
Let o be (0/(-1) + 4)*4. Suppose -2*j = 4*j + 6. Let s = j + o. Is s prime?
False
Let i = -24 + 61. Suppose 0 = -6*m + i - 7. Suppose -m*h = -x + 490, -3*h = -5*x + 374 + 2054. Is x prime?
False
Suppose 2*q - 290 - 2949 = -l, 0 = 5*q + 20. Is l a prime number?
False
Let w = 15 + -11. Suppose z + 2283 = w*z + m, -5*z + 3813 = -m. Suppose -z = 2*f - 8*f. Is f prime?
True
Let i = -3007 - -1724. Let b = i - -2992. Is b a prime number?
True
Suppose -g + 12 = -3*c - 1, 3*c - 11 = -5*g. Suppose g*p + 528 = -0*p. Let i = p + 214. Is i a composite number?
True
Suppose 12135 = 3*d - 4*a, 4*d + 2*a = 6*a + 16180. Is d a prime number?
False
Let d be 3*(1230/9 + -3). Suppose 0 = 10*s - 11*s + d. Is s composite?
False
Let u(r) = r**3 + 2*r**2 + 5. Let q(x) = -2*x**2 - 4. Let j(k) = 4*q(k) + 3*u(k). Let g be (-8 - (-175)/14) + 2/(-4). Is j(g) a composite number?
True
Let l(u) be the first derivative of 58*u**3/3 + 2*u**2 + 7*u + 50. Is l(-3) a prime number?
False
Let a(g) = -5*g**2 - 5*g + 15*g + 13*g**2 - 17 - 2*g**3. Is a(-8) a composite number?
False
Let w(q) = 13*q**2 + 4*q - 16. Let n(r) = r**3 + 5*r**2 + 4*r - 5. Let y be n(-4). Is w(y) a prime number?
False
Let m(t) be the second derivative of 3/4*t**4 + 0 + 5*t - 2/3*t**3 - 1/2*t**2. Is m(-4) composite?
True
Let p(s) = -4*s - 2. Let h be p(-5). Let w be (-7014)/(-27) + 4/h. Let z = w - 186. Is z composite?
True
Let z be 6*(-3)/6 + 8. Suppose 0 = -4*o + 3*s + 14, z*o = -3*s + 2*s + 27. Suppose -o*q - 1905 = -8*q. Is q a composite number?
True
Suppose 8*l = 7747 + 19909. Is l composite?
False
Let i be (-18)/(-12)*430/3. Let p = i - 52. Is p a prime number?
True
Let r(k) = k - 4. Let w be r(3). Is -6*1352/(-12) + w - 2 a composite number?
False
Let z = 3 - 0. Suppose 15*h - 1 = 29. Suppose -z*k - 222 = -h*p + k, -4*k - 103 = -p. Is p composite?
True
Suppose 5*o = z + 23512 - 8430, 0 = 5*o + 3*z - 15094. Is o a composite number?
True
Let r = 141 + -139. Suppose 4*p - 329 - 2035 = -r*m, 0 = -4*m + 4*p + 4752. Is m composite?
True
Let j(i) = i**3 - 14*i**2 + 14*i - 4. Let x be j(13). Suppose 4*v + 2*a - 1046 = 0, -1 = -2*a + x. Is v composite?
True
Suppose 0 = 12*s - 11*s - 1. Is (-6 - -3 - -4)/(s/4907) composite?
True
Let h(o) be the first derivative of 239*o**2/2 + o - 14. Is h(2) a composite number?
False
Let n be (1335/(-6) + -1)*-12 - -3. Suppose 9*q + n - 15636 = 0. Is q a prime number?
True
Let m = 904 + 1017. Is m prim